{"id":141,"date":"2016-07-28T14:57:07","date_gmt":"2016-07-28T12:57:07","guid":{"rendered":"http:\/\/lamaisondelabourgade.com\/lesmaisons\/?page_id=141"},"modified":"2016-07-29T08:15:57","modified_gmt":"2016-07-29T06:15:57","slug":"vue-dans-la-presse","status":"publish","type":"page","link":"https:\/\/lamaisondelabourgade.com\/lesmaisons\/vue-dans-la-presse\/","title":{"rendered":"Vue dans la presse"},"content":{"rendered":"<p>Merci aux journalistes de nous aimer tant et de parler de nous si joliment.<\/p>\n<p style=\"text-align: center;\"><a href=\"http:\/\/lamaisondelabourgade.com\/lamaisondelabourgade\/wp-content\/uploads\/sites\/2\/2013\/06\/Presse_Maison-Bourgade1.pdf\" target=\"_blank\"><img loading=\"lazy\" decoding=\"async\" class=\"size-full wp-image-438 aligncenter\" src=\"http:\/\/lamaisondelabourgade.com\/lamaisondelabourgade\/wp-content\/uploads\/sites\/2\/2013\/06\/pdf.png\" alt=\"pdf\" width=\"36\" height=\"31\" \/><\/a><br \/>\n<a href=\"http:\/\/lamaisondelabourgade.com\/lesmaisons\/wp-content\/uploads\/2016\/07\/Presse_Maison-Bourgade1.pdf\" target=\"_blank\">LIRE LES ARTICLES PARUS DANS LA PRESSE<\/a><\/p>\n","protected":false},"excerpt":{"rendered":"<p>Merci aux journalistes de nous aimer tant et de parler de nous si joliment. LIRE LES ARTICLES PARUS DANS LA PRESSE<\/p>\n","protected":false},"author":1,"featured_media":146,"parent":0,"menu_order":0,"comment_status":"closed","ping_status":"closed","template":"","meta":{"_et_pb_use_builder":"","_et_pb_old_content":"","_et_gb_content_width":"","footnotes":""},"class_list":["post-141","page","type-page","status-publish","has-post-thumbnail","hentry"],"yoast_head":"<!-- This site is optimized with the Yoast SEO plugin v27.5 - https:\/\/yoast.com\/product\/yoast-seo-wordpress\/ -->\n<title>Vue dans la presse - Maisons d&#039;h\u00f4tes \u00e0 Uz\u00e9s<\/title>\n<meta name=\"robots\" content=\"index, follow, max-snippet:-1, max-image-preview:large, max-video-preview:-1\" \/>\n<link rel=\"canonical\" href=\"https:\/\/lamaisondelabourgade.com\/lesmaisons\/vue-dans-la-presse\/\" \/>\n<meta property=\"og:locale\" content=\"fr_FR\" \/>\n<meta property=\"og:type\" content=\"article\" \/>\n<meta property=\"og:title\" content=\"Vue dans la presse - Maisons d&#039;h\u00f4tes \u00e0 Uz\u00e9s\" \/>\n<meta property=\"og:description\" content=\"Merci aux journalistes de nous aimer tant et de parler de nous si joliment. LIRE LES ARTICLES PARUS DANS LA PRESSE\" \/>\n<meta property=\"og:url\" content=\"https:\/\/lamaisondelabourgade.com\/lesmaisons\/vue-dans-la-presse\/\" \/>\n<meta property=\"og:site_name\" content=\"Maisons d&#039;h\u00f4tes \u00e0 Uz\u00e9s\" \/>\n<meta property=\"article:modified_time\" content=\"2016-07-29T06:15:57+00:00\" \/>\n<meta property=\"og:image\" content=\"https:\/\/lamaisondelabourgade.com\/lesmaisons\/wp-content\/uploads\/2016\/07\/background-04.jpg\" \/>\n\t<meta property=\"og:image:width\" content=\"1250\" \/>\n\t<meta property=\"og:image:height\" content=\"583\" \/>\n\t<meta property=\"og:image:type\" content=\"image\/jpeg\" \/>\n<meta name=\"twitter:card\" content=\"summary_large_image\" \/>\n<script type=\"application\/ld+json\" class=\"yoast-schema-graph\">{\"@context\":\"https:\\\/\\\/schema.org\",\"@graph\":[{\"@type\":\"WebPage\",\"@id\":\"https:\\\/\\\/lamaisondelabourgade.com\\\/lesmaisons\\\/vue-dans-la-presse\\\/\",\"url\":\"https:\\\/\\\/lamaisondelabourgade.com\\\/lesmaisons\\\/vue-dans-la-presse\\\/\",\"name\":\"Vue dans la presse - Maisons d&#039;h\u00f4tes \u00e0 Uz\u00e9s\",\"isPartOf\":{\"@id\":\"https:\\\/\\\/lamaisondelabourgade.com\\\/lesmaisons\\\/#website\"},\"primaryImageOfPage\":{\"@id\":\"https:\\\/\\\/lamaisondelabourgade.com\\\/lesmaisons\\\/vue-dans-la-presse\\\/#primaryimage\"},\"image\":{\"@id\":\"https:\\\/\\\/lamaisondelabourgade.com\\\/lesmaisons\\\/vue-dans-la-presse\\\/#primaryimage\"},\"thumbnailUrl\":\"https:\\\/\\\/lamaisondelabourgade.com\\\/lesmaisons\\\/wp-content\\\/uploads\\\/2016\\\/07\\\/background-04.jpg\",\"datePublished\":\"2016-07-28T12:57:07+00:00\",\"dateModified\":\"2016-07-29T06:15:57+00:00\",\"breadcrumb\":{\"@id\":\"https:\\\/\\\/lamaisondelabourgade.com\\\/lesmaisons\\\/vue-dans-la-presse\\\/#breadcrumb\"},\"inLanguage\":\"fr-FR\",\"potentialAction\":[{\"@type\":\"ReadAction\",\"target\":[\"https:\\\/\\\/lamaisondelabourgade.com\\\/lesmaisons\\\/vue-dans-la-presse\\\/\"]}]},{\"@type\":\"ImageObject\",\"inLanguage\":\"fr-FR\",\"@id\":\"https:\\\/\\\/lamaisondelabourgade.com\\\/lesmaisons\\\/vue-dans-la-presse\\\/#primaryimage\",\"url\":\"https:\\\/\\\/lamaisondelabourgade.com\\\/lesmaisons\\\/wp-content\\\/uploads\\\/2016\\\/07\\\/background-04.jpg\",\"contentUrl\":\"https:\\\/\\\/lamaisondelabourgade.com\\\/lesmaisons\\\/wp-content\\\/uploads\\\/2016\\\/07\\\/background-04.jpg\",\"width\":1250,\"height\":583},{\"@type\":\"BreadcrumbList\",\"@id\":\"https:\\\/\\\/lamaisondelabourgade.com\\\/lesmaisons\\\/vue-dans-la-presse\\\/#breadcrumb\",\"itemListElement\":[{\"@type\":\"ListItem\",\"position\":1,\"name\":\"Accueil\",\"item\":\"https:\\\/\\\/lamaisondelabourgade.com\\\/lesmaisons\\\/\"},{\"@type\":\"ListItem\",\"position\":2,\"name\":\"Vue dans la presse\"}]},{\"@type\":\"WebSite\",\"@id\":\"https:\\\/\\\/lamaisondelabourgade.com\\\/lesmaisons\\\/#website\",\"url\":\"https:\\\/\\\/lamaisondelabourgade.com\\\/lesmaisons\\\/\",\"name\":\"Maisons d&#039;h\u00f4tes \u00e0 Uz\u00e9s\",\"description\":\"Deux maisons d&#039;h\u00f4tes au coeur de la ville d&#039;uz\u00e9s\",\"potentialAction\":[{\"@type\":\"SearchAction\",\"target\":{\"@type\":\"EntryPoint\",\"urlTemplate\":\"https:\\\/\\\/lamaisondelabourgade.com\\\/lesmaisons\\\/?s={search_term_string}\"},\"query-input\":{\"@type\":\"PropertyValueSpecification\",\"valueRequired\":true,\"valueName\":\"search_term_string\"}}],\"inLanguage\":\"fr-FR\"}]}<\/script>\n<!-- \/ Yoast SEO plugin. -->","yoast_head_json":{"title":"Vue dans la presse - Maisons d&#039;h\u00f4tes \u00e0 Uz\u00e9s","robots":{"index":"index","follow":"follow","max-snippet":"max-snippet:-1","max-image-preview":"max-image-preview:large","max-video-preview":"max-video-preview:-1"},"canonical":"https:\/\/lamaisondelabourgade.com\/lesmaisons\/vue-dans-la-presse\/","og_locale":"fr_FR","og_type":"article","og_title":"Vue dans la presse - Maisons d&#039;h\u00f4tes \u00e0 Uz\u00e9s","og_description":"Merci aux journalistes de nous aimer tant et de parler de nous si joliment. LIRE LES ARTICLES PARUS DANS LA PRESSE","og_url":"https:\/\/lamaisondelabourgade.com\/lesmaisons\/vue-dans-la-presse\/","og_site_name":"Maisons d&#039;h\u00f4tes \u00e0 Uz\u00e9s","article_modified_time":"2016-07-29T06:15:57+00:00","og_image":[{"width":1250,"height":583,"url":"https:\/\/lamaisondelabourgade.com\/lesmaisons\/wp-content\/uploads\/2016\/07\/background-04.jpg","type":"image\/jpeg"}],"twitter_card":"summary_large_image","schema":{"@context":"https:\/\/schema.org","@graph":[{"@type":"WebPage","@id":"https:\/\/lamaisondelabourgade.com\/lesmaisons\/vue-dans-la-presse\/","url":"https:\/\/lamaisondelabourgade.com\/lesmaisons\/vue-dans-la-presse\/","name":"Vue dans la presse - Maisons d&#039;h\u00f4tes \u00e0 Uz\u00e9s","isPartOf":{"@id":"https:\/\/lamaisondelabourgade.com\/lesmaisons\/#website"},"primaryImageOfPage":{"@id":"https:\/\/lamaisondelabourgade.com\/lesmaisons\/vue-dans-la-presse\/#primaryimage"},"image":{"@id":"https:\/\/lamaisondelabourgade.com\/lesmaisons\/vue-dans-la-presse\/#primaryimage"},"thumbnailUrl":"https:\/\/lamaisondelabourgade.com\/lesmaisons\/wp-content\/uploads\/2016\/07\/background-04.jpg","datePublished":"2016-07-28T12:57:07+00:00","dateModified":"2016-07-29T06:15:57+00:00","breadcrumb":{"@id":"https:\/\/lamaisondelabourgade.com\/lesmaisons\/vue-dans-la-presse\/#breadcrumb"},"inLanguage":"fr-FR","potentialAction":[{"@type":"ReadAction","target":["https:\/\/lamaisondelabourgade.com\/lesmaisons\/vue-dans-la-presse\/"]}]},{"@type":"ImageObject","inLanguage":"fr-FR","@id":"https:\/\/lamaisondelabourgade.com\/lesmaisons\/vue-dans-la-presse\/#primaryimage","url":"https:\/\/lamaisondelabourgade.com\/lesmaisons\/wp-content\/uploads\/2016\/07\/background-04.jpg","contentUrl":"https:\/\/lamaisondelabourgade.com\/lesmaisons\/wp-content\/uploads\/2016\/07\/background-04.jpg","width":1250,"height":583},{"@type":"BreadcrumbList","@id":"https:\/\/lamaisondelabourgade.com\/lesmaisons\/vue-dans-la-presse\/#breadcrumb","itemListElement":[{"@type":"ListItem","position":1,"name":"Accueil","item":"https:\/\/lamaisondelabourgade.com\/lesmaisons\/"},{"@type":"ListItem","position":2,"name":"Vue dans la presse"}]},{"@type":"WebSite","@id":"https:\/\/lamaisondelabourgade.com\/lesmaisons\/#website","url":"https:\/\/lamaisondelabourgade.com\/lesmaisons\/","name":"Maisons d&#039;h\u00f4tes \u00e0 Uz\u00e9s","description":"Deux maisons d&#039;h\u00f4tes au coeur de la ville d&#039;uz\u00e9s","potentialAction":[{"@type":"SearchAction","target":{"@type":"EntryPoint","urlTemplate":"https:\/\/lamaisondelabourgade.com\/lesmaisons\/?s={search_term_string}"},"query-input":{"@type":"PropertyValueSpecification","valueRequired":true,"valueName":"search_term_string"}}],"inLanguage":"fr-FR"}]}},"_links":{"self":[{"href":"https:\/\/lamaisondelabourgade.com\/lesmaisons\/wp-json\/wp\/v2\/pages\/141","targetHints":{"allow":["GET"]}}],"collection":[{"href":"https:\/\/lamaisondelabourgade.com\/lesmaisons\/wp-json\/wp\/v2\/pages"}],"about":[{"href":"https:\/\/lamaisondelabourgade.com\/lesmaisons\/wp-json\/wp\/v2\/types\/page"}],"author":[{"embeddable":true,"href":"https:\/\/lamaisondelabourgade.com\/lesmaisons\/wp-json\/wp\/v2\/users\/1"}],"replies":[{"embeddable":true,"href":"https:\/\/lamaisondelabourgade.com\/lesmaisons\/wp-json\/wp\/v2\/comments?post=141"}],"version-history":[{"count":3,"href":"https:\/\/lamaisondelabourgade.com\/lesmaisons\/wp-json\/wp\/v2\/pages\/141\/revisions"}],"predecessor-version":[{"id":145,"href":"https:\/\/lamaisondelabourgade.com\/lesmaisons\/wp-json\/wp\/v2\/pages\/141\/revisions\/145"}],"wp:featuredmedia":[{"embeddable":true,"href":"https:\/\/lamaisondelabourgade.com\/lesmaisons\/wp-json\/wp\/v2\/media\/146"}],"wp:attachment":[{"href":"https:\/\/lamaisondelabourgade.com\/lesmaisons\/wp-json\/wp\/v2\/media?parent=141"}],"curies":[{"name":"wp","href":"https:\/\/api.w.org\/{rel}","templated":true}]}}

<!-- This site is optimized with the Yoast SEO plugin v27.5 - https://yoast.com/product/yoast-seo-wordpress/ -->
<title>Vue dans la presse - Maisons d&#039;hôtes à Uzés</title>
<meta name="robots" content="index, follow, max-snippet:-1, max-image-preview:large, max-video-preview:-1" />
<link rel="canonical" href="https://lamaisondelabourgade.com/lesmaisons/vue-dans-la-presse/" />
<meta property="og:locale" content="fr_FR" />
<meta property="og:type" content="article" />
<meta property="og:title" content="Vue dans la presse - Maisons d&#039;hôtes à Uzés" />
<meta property="og:description" content="Merci aux journalistes de nous aimer tant et de parler de nous si joliment. LIRE LES ARTICLES PARUS DANS LA PRESSE" />
<meta property="og:url" content="https://lamaisondelabourgade.com/lesmaisons/vue-dans-la-presse/" />
<meta property="og:site_name" content="Maisons d&#039;hôtes à Uzés" />
<meta property="article:modified_time" content="2016-07-29T06:15:57+00:00" />
<meta property="og:image" content="https://lamaisondelabourgade.com/lesmaisons/wp-content/uploads/2016/07/background-04.jpg" />
	<meta property="og:image:width" content="1250" />
	<meta property="og:image:height" content="583" />
	<meta property="og:image:type" content="image/jpeg" />
<meta name="twitter:card" content="summary_large_image" />
<script type="application/ld+json" class="yoast-schema-graph">{"@context":"https:\/\/schema.org","@graph":[{"@type":"WebPage","@id":"https:\/\/lamaisondelabourgade.com\/lesmaisons\/vue-dans-la-presse\/","url":"https:\/\/lamaisondelabourgade.com\/lesmaisons\/vue-dans-la-presse\/","name":"Vue dans la presse - Maisons d&#039;hôtes à Uzés","isPartOf":{"@id":"https:\/\/lamaisondelabourgade.com\/lesmaisons\/#website"},"primaryImageOfPage":{"@id":"https:\/\/lamaisondelabourgade.com\/lesmaisons\/vue-dans-la-presse\/#primaryimage"},"image":{"@id":"https:\/\/lamaisondelabourgade.com\/lesmaisons\/vue-dans-la-presse\/#primaryimage"},"thumbnailUrl":"https:\/\/lamaisondelabourgade.com\/lesmaisons\/wp-content\/uploads\/2016\/07\/background-04.jpg","datePublished":"2016-07-28T12:57:07+00:00","dateModified":"2016-07-29T06:15:57+00:00","breadcrumb":{"@id":"https:\/\/lamaisondelabourgade.com\/lesmaisons\/vue-dans-la-presse\/#breadcrumb"},"inLanguage":"fr-FR","potentialAction":[{"@type":"ReadAction","target":["https:\/\/lamaisondelabourgade.com\/lesmaisons\/vue-dans-la-presse\/"]}]},{"@type":"ImageObject","inLanguage":"fr-FR","@id":"https:\/\/lamaisondelabourgade.com\/lesmaisons\/vue-dans-la-presse\/#primaryimage","url":"https:\/\/lamaisondelabourgade.com\/lesmaisons\/wp-content\/uploads\/2016\/07\/background-04.jpg","contentUrl":"https:\/\/lamaisondelabourgade.com\/lesmaisons\/wp-content\/uploads\/2016\/07\/background-04.jpg","width":1250,"height":583},{"@type":"BreadcrumbList","@id":"https:\/\/lamaisondelabourgade.com\/lesmaisons\/vue-dans-la-presse\/#breadcrumb","itemListElement":[{"@type":"ListItem","position":1,"name":"Accueil","item":"https:\/\/lamaisondelabourgade.com\/lesmaisons\/"},{"@type":"ListItem","position":2,"name":"Vue dans la presse"}]},{"@type":"WebSite","@id":"https:\/\/lamaisondelabourgade.com\/lesmaisons\/#website","url":"https:\/\/lamaisondelabourgade.com\/lesmaisons\/","name":"Maisons d&#039;hôtes à Uzés","description":"Deux maisons d&#039;hôtes au coeur de la ville d&#039;uzés","potentialAction":[{"@type":"SearchAction","target":{"@type":"EntryPoint","urlTemplate":"https:\/\/lamaisondelabourgade.com\/lesmaisons\/?s={search_term_string}"},"query-input":{"@type":"PropertyValueSpecification","valueRequired":true,"valueName":"search_term_string"}}],"inLanguage":"fr-FR"}]}</script>
<!-- / Yoast SEO plugin. -->

Vue dans la presse - Maisons d&#039;hôtes à Uzés

Maisons d&#039;hôtes à Uzés

Deux maisons d&#039;hôtes au coeur de la ville d&#039;uzés
